 are the prime factors of 1553?
1553
What are the prime factors of 444?
2, 3, 37
What are the prime factors of 617?
617
What are the prime factors of 30376?
2, 3797
List the prime factors of 31706.
2, 83, 191
List the prime factors of 20503.
7, 29, 101
List the prime factors of 7254.
2, 3, 13, 31
List the prime factors of 1497.
3, 499
What are the prime factors of 35495?
5, 31, 229
List the prime factors of 119055.
3, 5, 7937
List the prime factors of 89975.
5, 59, 61
List the prime factors of 11494.
2, 7, 821
List the prime factors of 9388.
2, 2347
List the prime factors of 101318.
2, 7, 7237
List the prime factors of 15008.
2, 7, 67
What are the prime factors of 6601?
7, 23, 41
List the prime factors of 16116.
2, 3, 17, 79
What are the prime factors of 989?
23, 43
List the prime factors of 16203.
3, 11, 491
List the prime factors of 9766.
2, 19, 257
What are the prime factors of 2318?
2, 19, 61
What are the prime factors of 10170?
2, 3, 5, 113
List the prime factors of 4180.
2, 5, 11, 19
What are the prime factors of 1550?
2, 5, 31
List the prime factors of 8259.
3, 2753
What are the prime factors of 4817?
4817
List the prime factors of 7049.
7, 19, 53
What are the prime factors of 8801?
13, 677
List the prime factors of 7022.
2, 3511
What are the prime factors of 3040?
2, 5, 19
What are the prime factors of 1275?
3, 5, 17
What are the prime factors of 11302?
2, 5651
What are the prime factors of 1928?
2, 241
List the prime factors of 20768.
2, 11, 59
What are the prime factors of 3049?
3049
What are the prime factors of 1107?
3, 41
What are the prime factors of 103?
103
List the prime factors of 6910.
2, 5, 691
What are the prime factors of 2801?
2801
List the prime factors of 202507.
29, 6983
List the prime factors of 36258.
2, 3, 6043
What are the prime factors of 4603?
4603
What are the prime factors of 1488?
2, 3, 31
List the prime factors of 13016.
2, 1627
What are the prime factors of 29377?
29, 1013
What are the prime factors of 2978?
2, 1489
What are the prime factors of 9591?
3, 23, 139
What are the prime factors of 105740?
2, 5, 17, 311
List the prime factors of 1181.
1181
List the prime factors of 1006.
2, 503
What are the prime factors of 30847?
109, 283
What are the prime factors of 716?
2, 179
What are the prime factors of 911?
911
What are the prime factors of 1209?
3, 13, 31
List the prime factors of 20205.
3, 5, 449
List the prime factors of 706.
2, 353
List the prime factors of 4981.
17, 293
What are the prime factors of 961?
31
List the prime factors of 835.
5, 167
What are the prime factors of 2792?
2, 349
List the prime factors of 407.
11, 37
List the prime factors of 17552.
2, 1097
List the prime factors of 22694.
2, 7, 1621
List the prime factors of 3827.
43, 89
List the prime factors of 1898.
2, 13, 73
List the prime factors of 6114.
2, 3, 1019
List the prime factors of 76061.
23, 3307
What are the prime factors of 12915?
3, 5, 7, 41
List the prime factors of 736.
2, 23
List the prime factors of 51274.
2, 31, 827
What are the prime factors of 39?
3, 13
List the prime factors of 8063.
11, 733
What are the prime factors of 2403?
3, 89
List the prime factors of 599.
599
What are the prime factors of 396?
2, 3, 11
What are the prime factors of 728?
2, 7, 13
What are the prime factors of 54?
2, 3
What are the prime factors of 44152?
2, 5519
What are the prime factors of 744?
2, 3, 31
List the prime factors of 596.
2, 149
What are the prime factors of 2757?
3, 919
List the prime factors of 4776.
2, 3, 199
What are the prime factors of 1969?
11, 179
List the prime factors of 171373.
23, 7451
What are the prime factors of 211869?
3, 7, 19, 59
What are the prime factors of 18714?
2, 3, 3119
What are the prime factors of 75588?
2, 3, 6299
What are the prime factors of 690?
2, 3, 5, 23
What are the prime factors of 1296?
2, 3
List the prime factors of 28081.
28081
List the prime factors of 1383.
3, 461
List the prime factors of 80486.
2, 7, 5749
List the prime factors of 62586.
2, 3, 19, 61
What are the prime factors of 16007?
16007
What are the prime factors of 26321?
26321
List the prime factors of 57357.
3, 6373
What are the prime factors of 2643?
3, 881
What are the prime factors of 2336?
2, 73
What are the prime factors of 17013?
3, 53, 107
What are the prime factors of 1139?
17, 67
List the prime factors of 6891.
3, 2297
What are the prime factors of 44541?
3, 7, 101
List the prime factors of 265.
5, 53
What are the prime factors of 5457?
3, 17, 107
List the prime factors of 11009.
101, 109
What are the prime factors of 2013?
3, 11, 61
What are the prime factors of 52801?
7, 19, 397
What are the prime factors of 35502?
2, 3, 61, 97
What are the prime factors of 1075?
5, 43
List the prime factors of 10888.
2, 1361
What are the prime factors of 79913?
157, 509
What are the prime factors of 122?
2, 61
What are the prime factors of 1152?
2, 3
List the prime factors of 48673.
48673
List the prime factors of 901.
17, 53
What are the prime factors of 6152?
2, 769
List the prime factors of 8005.
5, 1601
List the prime factors of 869.
11, 79
What are the prime factors of 83218?
2, 41609
List the prime factors of 640.
2, 5
List the prime factors of 306.
2, 3, 17
What are the prime factors of 3433?
3433
What are the prime factors of 149?
149
What are the prime factors of 6675?
3, 5, 89
What are the prime factors of 52636?
2, 13159
What are the prime factors of 1508?
2, 13, 29
What are the prime factors of 768?
2, 3
What are the prime factors of 315?
3, 5, 7
What are the prime factors of 817?
19, 43
What are the prime factors of 429?
3, 11, 13
What are the prime factors of 1637?
1637
What are the prime factors of 599?
599
List the prime factors of 13704.
2, 3, 571
List the prime factors of 3938.
2, 11, 179
What are the prime factors of 26069?
131, 199
What are the prime factors of 33748?
2, 11, 13, 59
List the prime factors of 754.
2, 13, 29
List the prime factors of 1986.
2, 3, 331
List the prime factors of 3140.
2, 5, 157
What are the prime factors of 4289?
4289
What are the prime factors of 83?
83
What are the prime factors of 546?
2, 3, 7, 13
What are the prime factors of 7682?
2, 23, 167
List the prime factors of 4867.
31, 157
List the prime factors of 4813.
4813
What are the prime factors of 304?
2, 19
What are the prime factors of 2193?
3, 17, 43
What are the prime factors of 1811?
1811
What are the prime factors of 2870?
2, 5, 7, 41
List the prime factors of 9408.
2, 3, 7
List the prime factors of 15010.
2, 5, 19, 79
List the prime factors of 4749.
3, 1583
What are the prime factors of 42719?
42719
What are the prime factors of 3643?
3643
What are the prime factors of 29742?
2, 3, 4957
What are the prime factors of 834?
2, 3, 139
List the prime factors of 9633.
3, 13, 19
List the prime factors of 64998.
2, 3, 23, 157
What are the prime factors of 8236?
2, 29, 71
What are the prime factors of 31275?
3, 5, 139
List the prime factors of 1833.
3, 13, 47
What are the prime factors of 49465?
5, 13, 761
List the prime factors of 984.
2, 3, 41
List the prime factors of 37494.
2, 3, 2083
What are the prime factors of 7702?
2, 3851
List the prime factors of 1460.
2, 5, 73
What are the prime factors of 24525?
3, 5, 109
What are the prime factors of 281?
281
List the prime factors of 5217.
3, 37, 47
List the prime factors of 7577.
7577
What are the prime factors of 117641?
47, 2503
List the prime factors of 3378.
2, 3, 563
List the prime factors of 158014.
2, 41, 47
What are the prime factors of 17383?
17383
List the prime factors of 29228.
2, 7307
List the prime factors of 3567.
3, 29, 41
What are the prime factors of 427?
7, 61
List the prime factors of 7257.
3, 41, 59
What are the prime factors of 18665?
5, 3733
List the prime factors of 2074.
2, 17, 61
List the prime factors of 982.
2, 491
What are the prime factors of 1102?
2, 19, 29
List the prime factors of 4136.
2, 11, 47
List the prime factors of 1295.
5, 7, 37
What are the prime factors of 49546?
2, 7, 3539
What are the prime factors of 71413?
71413
List the prime factors of 13435.
5, 2687
What are the prime factors of 2180?
2, 5, 109
List the prime factors of 4253.
4253
What are the prime factors of 35308?
2, 7, 13, 97
List the prime factors of 442.
2, 13, 17
What are the